In base 4, what is 1112111 + 2?
1112113
In base 8, what is -15 - -133?
116
In base 9, what is -58 - -5?
-53
In base 16, what is 680 + 5?
685
In base 6, what is 4 + -33?
-25
In base 11, what is -79 + 2?
-77
In base 3, what is -10 - 112211?
-112221
In base 10, what is -25 - -44?
19
In base 7, what is 1013 - -4?
1020
In base 5, what is -10 + -30?
-40
In base 15, what is 3 - 7b0?
-7ac
In base 7, what is -3 - 6?
-12
In base 3, what is 20202 + 1200?
22102
In base 12, what is -5 - 1a16?
-1a1b
In base 9, what is 1284 + -2?
1282
In base 15, what is -2 - 1c?
-1e
In base 2, what is 10000010 + 1011110?
11100000
In base 6, what is 251 - -4?
255
In base 12, what is -4 + -2694?
-2698
In base 15, what is -54b - 4?
-550
In base 10, what is -120 - 57?
-177
In base 13, what is 1 + 31?
32
In base 16, what is 13 + -22a?
-217
In base 4, what is -2010 - 1?
-2011
In base 12, what is 3 - -6a?
71
In base 10, what is 51 - -28?
79
In base 4, what is -1 + 330233?
330232
In base 12, what is -1368 + -10?
-1378
In base 16, what is -251 + 2?
-24f
In base 10, what is 4 + 205?
209
In base 15, what is cc - 5?
c7
In base 4, what is -21300 + 11?
-21223
In base 16, what is 5 + 11cf?
11d4
In base 12, what is 275 + 18?
291
In base 14, what is -3 - 80d?
-812
In base 11, what is -12 + -8?
-1a
In base 3, what is 2211 - 10?
2201
In base 16, what is 65b - 4?
657
In base 8, what is -1064 - 5?
-1071
In base 9, what is 133 - 70?
53
In base 5, what is -10 - 104?
-114
In base 11, what is -2 + 1310?
1309
In base 11, what is 109 + -6?
103
In base 9, what is -66 + -3?
-70
In base 2, what is -110010101 + 101?
-110010000
In base 14, what is -bca - -6?
-bc4
In base 8, what is -1 + -140?
-141
In base 9, what is -4 + -14?
-18
In base 11, what is -80 - 4?
-84
In base 5, what is 22414 - -10?
22424
In base 14, what is 5 - 98?
-93
In base 6, what is -1145 - 2?
-1151
In base 10, what is -513 - 0?
-513
In base 6, what is 13 + 5?
22
In base 12, what is 2 + 527?
529
In base 13, what is -7 + -188?
-192
In base 10, what is 9251 - -5?
9256
In base 12, what is 1 - -244?
245
In base 10, what is -10140 + 0?
-10140
In base 4, what is -103 + 103?
0
In base 12, what is 1052 + 1?
1053
In base 10, what is 4 + 5963?
5967
In base 12, what is -256 + -2?
-258
In base 3, what is -10101112 - 100?
-10101212
In base 13, what is c7 - 2?
c5
In base 3, what is -1 - 110100100?
-110100101
In base 14, what is 4 + -81?
-7b
In base 11, what is 4a - 32?
18
In base 8, what is 10 - 7?
1
In base 7, what is -54 - 31?
-115
In base 16, what is -942 - -7?
-93b
In base 10, what is -76 - 1?
-77
In base 13, what is 38 - -174?
1ac
In base 13, what is 4 - -41?
45
In base 10, what is 3532 - 4?
3528
In base 9, what is -6 - -1345?
1338
In base 6, what is -1431 + -3?
-1434
In base 8, what is -3 - -24?
21
In base 9, what is 0 + 45?
45
In base 2, what is 1011011101 - -100?
1011100001
In base 16, what is -4ba + 12?
-4a8
In base 14, what is 3ad + -2?
3ab
In base 6, what is 1 - 201?
-200
In base 4, what is -123 - 11?
-200
In base 13, what is 372 + 3?
375
In base 15, what is 13 + 5?
18
In base 5, what is 3 + -2330?
-2322
In base 6, what is 111 + 112?
223
In base 2, what is 11 + 1101110?
1110001
In base 16, what is 113 + 0?
113
In base 6, what is 254 - 5?
245
In base 9, what is 60 - -47?
117
In base 2, what is 1011100 - 11?
1011001
In base 15, what is -3 + -6a5?
-6a8
In base 11, what is 0 - -17?
17
In base 12, what is -1623 - 0?
-1623
In base 3, what is -111100 + -11?
-111111
In base 9, what is -27052 + -4?
-27056
In base 11, what is 34 - 16?
19
In base 3, what is -2 + 1211?
1202
In base 11, what is 3 - 15?
-12
In base 9, what is -53 - -2?
-51
In base 7, what is 3 + -146?
-143
In base 2, what is 100101110000 + -1?
100101101111
In base 2, what is -11 - 1110101101?
-1110110000
In base 10, what is -83 - 20?
-103
In base 9, what is -22 + -7?
-30
In base 3, what is 1200 + 1021?
2221
In base 7, what is -2453 - -2?
-2451
In base 13, what is -978 - -b?
-96a
In base 16, what is -95 + 2?
-93
In base 6, what is -25 + 10?
-15
In base 2, what is 101 - -100?
1001
In base 12, what is -22 + -13?
-35
In base 9, what is 23 - -21?
44
In base 4, what is -1023 + 32?
-331
In base 13, what is -17 - 1?
-18
In base 15, what is 2 - 58?
-56
In base 5, what is 10 - 44?
-34
In base 13, what is -3 + -442?
-445
In base 4, what is -11113 + -3?
-11122
In base 11, what is 19 - 0?
19
In base 10, what is 2 - 98?
-96
In base 11, what is 2 - -156?
158
In base 5, what is 1001 + -3?
443
In base 5, what is 343 + -23?
320
In base 15, what is -806 + 1?
-805
In base 13, what is -58 + 1bc?
164
In base 7, what is 1 - -10?
11
In base 10, what is -178 - 55?
-233
In base 12, what is 0 + 3?
3
In base 9, what is 343 - 2?
341
In base 10, what is 1 - 92?
-91
In base 8, what is 374 - -5?
401
In base 14, what is -d97 - -3?
-d94
In base 10, what is 5 + -38?
-33
In base 3, what is 1202 + 202?
2111
In base 5, what is 232 - 20?
212
In base 10, what is -4 - 53?
-57
In base 4, what is 13 + -1002?
-323
In base 11, what is -610 - -1?
-60a
In base 7, what is -15 - -255?
240
In base 10, what is 2 - 23?
-21
In base 8, what is 3 + 41?
44
In base 10, what is -12 + -15?
-27
In base 6, what is -2 + -24?
-30
In base 6, what is 2 + 54?
100
In base 4, what is -21302 + -2?
-21310
In base 2, what is -101 - -10000110011?
10000101110
In base 13, what is -1a7 - -1?
-1a6
In base 8, what is 2 + 3?
5
In base 6, what is -413 - -14?
-355
In base 11, what is -1 - -21?
20
In base 9, what is 2 + 8?
11
In base 13, what is 3 - -220?
223
In base 3, what is 1102 + 22?
1201
In base 2, what is -10101010111 - -101?
-10101010010
In base 6, what is -1 + -41?
-42
In base 11, what is 59 - -1?
5a
In base 2, what is 110000 - 110010001?
-101100001
In base 13, what is 11 + 2c?
40
In base 5, what is -1332 + 0?
-1332
In base 14, what is -471 - 0?
-471
In base 11, what is 10 + -9?
2
In base 12, what is 24 + -5?
1b
In base 6, what is -11 - -103?
52
In base 9, what is 7 + 134?
142
In base 11, what is -2 - -1a40?
1a39
In base 10, what is 404 + 5?
409
In base 5, what is 3012 + 10?
3022
In base 16, what is 3 + -272?
-26f
In base 5, what is 34421 - -2?
34423
In base 2, what is -1110011 - 1101101?
-11100000
In base 10, what is -1 + 299?
298
In base 3, what is 0 - 2221212?
-2221212
In base 15, what is 5a - -5?
60
In base 4, what is 3 + 21103?
21112
In base 5, what is -111 - 313?
-424
In base 12, what is 81 + -11?
70
In base 16, what is 5 - -16d?
172
In base 8, what is 12 + -23?
-11
In base 15, what is 1 + 404?
405
In base 7, what is -32 + -2050?
-2112
In base 6, what is 10430 + -14?
10412
In base 7, what is -16 - 40?
-56
In base 3, what is -12 + -1021220?
-1022002
In base 2, what is -10111011 - 1?
-10111100
In base 11, what is -31a + -1?
-320
In base 5, what is -3 - 324?
-332
In base 6, what is 305 + 4?
313
In base 8, what is 5 - 364?
-357
In base 11, what is -70 + 22?
-49
In base 11, what is 16 - 21?
-6
In base 14, what is 5 - b?
-6
In base 16, what is 1 + 1108?
1109
In base 12, what is 9 - -335?
342
In base 13, what is 5 + -11?
-9
In base 10, what is 217 + 5?
222
In base 7, what is 130 - 24?
103
In base 5, what is -4 + -44?
-103
In base 16, what is -18c - 5?
-191
In base 3, what is -12222202 - -2?
-12222200
In base 14, what is -6 - 181?
-187
In base 4, what is 31112 + 10?
31122
In base 11, what is 4 - -42?
46
In base 10, what is 5 + 188?
193
In base 16, what is -ac4 + -3?
-ac7
In base 3, what is 11001221 + 2?
11002000
In base 8, what is -137 + 5?
-132
In base 8, what is -2 - -7?
5
In base 13, what is -1 - -18?
17
In base 4, what is -3301 - -12?
-3223
In base 2, what is 11011110101 + 1?
11011110110
In base 11, what is -5 - 31?
-36
In base 7, what is 101 + -5?
63
In base 10, what is -1 - 39?
-40
In base 7, what is -14131 - -2?
-14126
In base 13, what is -2 - 67?
-69
In base 6, what is -13154 - 4?
-13202
In base 16, what is 4b - e?
3d
In base 2, what is -10 + -110000001?
-110000011
In base 3, what is -10 + 2020021?
2020011
In base 2, what is -1110111011 - 0?
-1110111011
In base 5, what is 222 + 4?
231
In base 13, what is -89 - 3?
-8c
In base 4, what is -11 + 1013321?
1013310
In base 14, what is 3 + 619?
61c
In base 8, what is -205 - 3?
-210
In base 10, what is -18 - -45?
27
In base 16, what is -589 + -2?
-58b
In base 4, what is 1 + 1000?
1001
In base 13, what is -4